e of -o**4/12 + 4*o**3/3 - 6*o**2 - 12*o + 1377. Let t be (-8)/(2 - (-6)/(-2)). Give i(t).
-12
Let s(w) be the first derivative of -w**3/3 + 3*w**2 + 6*w - 13236. Let n(c) = -c**2 - 5*c + 5. Let y be n(-5). Calculate s(y).
11
Let u(t) = t**3 + 10*t**2 - 13*t - 17. Let j be u(-11). Let o(y) = -7*y - 7. Let w(p) = 20*p + 20. Let n(x) = j*w(x) + 14*o(x). Determine n(-6).
-10
Let l(h) = -2*h**2 + 31*h - 402. Let r(x) = -3*x**2 + 29*x - 466. Let c(w) = 4*l(w) - 3*r(w). What is c(5)?
0
Let t(v) be the second derivative of -11*v**2 + 2*v - 1/6*v**3 - 169. What is t(-19)?
-3
Let u(t) = 2*t**3 - 3*t**3 - 1 + 3*t - 2*t. Let w be (12 - 1705/165)*(-12)/10. Give u(w).
5
Let k be (-14)/(-8)*(-5)/(-15)*12. Suppose -k*j + 8*j - 16 = 3*z, 3*j = 2*z + 13. Let s(o) = -2*o - 6. What is s(z)?
4
Let v(o) = -o - 16. Suppose 306*q - 307*q + 2 = 0. Let g(b) = -b**2 + 10*b - 23. Let x be g(q). Determine v(x).
-9
Let f be (-4504)/(-7) - (-20)/35. Let c be f/6 - 1 - 8/6. Suppose 8*t + c = -7*t. Let m(z) = 2*z. Determine m(t).
-14
Let l(f) be the third derivative of 1/30*f**5 + 0*f + 31*f**2 + 0 - 1/24*f**4 + 1/6*f**3 - 1/120*f**6. Calculate l(1).
1
Suppose 3*i + 58 = 238. Suppose -i*o + 75*o = 165. Let v(r) = r - 7. Calculate v(o).
4
Let g(i) be the third derivative of 13*i**4/6 + 44*i**3 + 7339*i**2. Give g(-5).
4
Let q = -345 + 349. Let p(t) be the third derivative of -t**5/60 + t**4/6 - 4*t**3/3 - 2*t**2 + 161. Determine p(q).
-8
Let k(p) = p**3 - p**2 - 2*p + 17. Let y be k(0). Let i(x) = 8*x - y*x + 8*x. Let g be i(-8). Let l(o) = o - 9. Give l(g).
-1
Let y(n) = -2*n + 10*n - 9*n + 1 + 5*n**2 + n**3. Let s = -78 - -125. Suppose 11*a + s + 8 = 0. Determine y(a).
6
Suppose 6*n - 2*y = 26, -5*y - 39 = -64. Let q(a) = -25*a - 4. What is q(n)?
-154
Let t(p) = 6*p**3 - 9*p**2 + 2*p + 7. Let i(w) = 5*w**3 - 8*w**2 + 2*w + 5. Suppose -18*d - 32 = -10*d. Let s(r) = d*t(r) + 5*i(r). Give s(4).
5
Let j(a) = 104*a**2 - 6*a - 56*a**2 - 49*a**2 + 3. Suppose -m + 1 - 20 = p, 0 = -4*p. Let c = 13 + m. Give j(c).
3
Let v(q) = 4 - 3*q + 2*q + 3*q - 1. Let l be ((-36)/45)/(((-28)/(-30))/7 - 0). What is v(l)?
-9
Let c(n) be the first derivative of -n**4/4 - 2*n**3 - 2*n**2 + 5*n - 2. Let d(z) = -41*z - 87. Let l be d(-2). Calculate c(l).
0
Let m(b) = -b**3 - 6*b**2 + 8*b. Let v = 67 + -64. Suppose 118 = -v*d + 4*w, 75 = 5*d + 3*w + 291. Let g be (2/(-6))/((-2)/d). Give m(g).
-7
Let v(c) = -2*c**2 - 30*c + 19. Let b(j) = -2. Let w(g) = -3*b(g) + v(g). Let u be w(-16). Let a(z) = -z - 5. Determine a(u).
2
Let n(j) = -876*j**2 - 898*j**2 + 3 + 1773*j**2 - 12*j + 34. What is n(-15)?
-8
Let l(j) = j**3 + 10*j**2 + 9*j + 15. Suppose -37*v + 28395 - 28691 = 0. What is l(v)?
71
Let q(v) = 17*v - 203. Let f be (-476)/153 - -15 - 1/(-9). What is q(f)?
1
Let m(o) = o - 4. Let j = -2062 + 2065. Determine m(j).
-1
Let v(h) = 4*h + 3. Let l be (-3 - (-4 + 2)) + -3 + -10. Let d(p) = 12*p + 9. Let u(q) = l*v(q) + 4*d(q). What is u(-8)?
58
Let k = -2 - -4. Let u(l) = 2*l**k - 2*l - 3 - 1 + 2 + 0*l**2. Suppose 5*z = 5*w + 10, 3*z = 4*z + w - 4. What is u(z)?
10
Suppose a = 2*o + o + 24, a + 11 = -4*o. Let y(q) = -q + 11. Let g be y(a). Let x(d) = 7*d - 15*d - 3 + g + 3*d. Calculate x(-1).
4
Let a(o) be the second derivative of -3*o**5/20 - o**4/24 + 40*o**3 + 34*o. Let j(h) be the second derivative of a(h). Calculate j(1).
-19
Let q(d) be the second derivative of -2*d**3/3 + 5*d**2 - 1536*d. Give q(3).
-2
Let p(m) be the second derivative of m**5/20 - 5*m**4/12 - 5*m**3/3 - 3*m**2/2 + 4*m - 23. Determine p(6).
-27
Let j(m) = 2*m**3 + m**2 - m - 1. Let d(i) = -3*i**3 + i**2 - 2*i + 22. Let u(q) = -d(q) - 2*j(q). Give u(-4).
-20
Let r(l) be the third derivative of -1/6*l**4 + 0 - 104*l**2 - 1/3*l**3 + 0*l. Give r(-4).
14
Let u = 12060 + -12056. Let h(i) = -65*i + 258. What is h(u)?
-2
Let g be (-63)/(-3)*(-385)/(-21). Suppose -381*s - 12 = -g*s. Let c(d) = -d**3 + 3*d**2 + 3*d. Give c(s).
9
Suppose -2*d = 3*b - 6*b - 1, -3*b - 5 = -4*d. Let l(k) = -d - k - 5*k + 4*k + k. Let a(j) = j + 2. Let o(s) = -3*a(s) - 2*l(s). Determine o(-3).
1
Let r(t) be the third derivative of -7*t**4/24 + 29*t**3/6 + 738*t**2. Give r(6).
-13
Let t(q) = -3*q**2 - 17*q - 7. Suppose 0 = 6*n + 1 - 2 + 31. What is t(n)?
3
Let g(a) = a + 8. Let n(o) = 2*o**3 + 8*o**2 - 3*o - 4. Let f be n(-4). Suppose -6 = f*k - 62. Determine g(k).
15
Let n = 105 - 103. Let t(i) = -10*i**2 - 1 - i + 16*i**2 - 5*i**n - 2. Give t(4).
9
Let m(p) = 2 + 1 - p + 0 + 6. Suppose -117*a - 77 = -128*a. Calculate m(a).
2
Let o(j) be the second derivative of -j**4/12 + 11*j**3/2 + 36*j**2 + 459*j + 3. Determine o(-2).
2
Let d(u) = -2*u**3 + 4*u**2 - u - 2. Let j be 70/4*(3 + 55/(-25)). Let c be 2/(-4)*j/7. Let z be c + 15/5 + (2 - 2). Calculate d(z).
-4
Let w = 58557 + -58557. Let p(d) be the second derivative of -d**5/20 + d**4/12 - 2*d**2 + 3*d. What is p(w)?
-4
Let t(s) = 0*s - 847010 + 847013 - s. Let j(u) = u**3 - 4*u**2 + u - 2. Let o be j(3). Give t(o).
11
Let s(w) = 22*w - 29. Let m(r) = -59*r + 85. Let a(d) = 3*m(d) + 8*s(d). What is a(7)?
16
Let d(u) = 4*u**2 + u. Let c(n) = 4*n**2 - 2. Let h(o) = -3*c(o) + 2*d(o). Let l(i) = -i**2 + 1. Let r(t) = h(t) - 5*l(t). What is r(2)?
9
Let n(w) = w**2 + 11*w - 2. Let v(b) = 5*b**2 + 67*b - 19. Let m(k) = 6*n(k) - v(k). Let s = 11 + -11. Calculate m(s).
7
Let n(k) = 6*k - 125. Suppose 0 = -143*p + 18*p + 740 + 1885. Calculate n(p).
1
Let i(s) = -14*s**3 - 3*s**2 + 7*s - 3. Let w(b) = 37*b**3 + 8*b**2 - 18*b + 8. Let j(o) = -8*i(o) - 3*w(o). Calculate j(-2).
-4
Suppose 14*j - 254 - 26 = 0. Suppose -j*m + 18*m = 14. Let n(v) = -v**3 - 7*v**2 + 2*v + 5. Calculate n(m).
-9
Let p(k) = -8*k**2 - 3*k + 1. Let n(t) = 31*t**2 + 24*t + 30. Let l(y) = -n(y) - 4*p(y). Calculate l(-4).
30
Let v(p) be the third derivative of -p**5/60 + 7*p**4/12 + 5*p**3/6 - 4*p**2 + 1231*p. What is v(11)?
38
Let z(f) = -285 - 409 + 698 + 11*f. Determine z(1).
15
Let w(p) = -7*p - 124. Suppose 238 = -19*g - 11*g + 16*g. Determine w(g).
-5
Suppose -3*v + 14 = d + 4, 0 = -5*v + d + 22. Let s be v/(-12)*(4 + -22). Let o(t) be the first derivative of t**2/2 + 2*t - 1. What is o(s)?
8
Suppose 5*d + 0*m + 4 = 2*m, -5*d = -4*m + 8. Let a(l) be the third derivative of 1/24*l**4 - 5/2*l**3 + 0*l - 53*l**2 + 0. Give a(d).
-15
Let s be 24/(-20)*(-40)/6. Let k(z) = 1529*z - 762*z - 4 - 769*z + 16. Calculate k(s).
-4
Let w(x) = 10*x - 11*x + 4*x - 2. Let k(f) = 4*f**2 - 1. Let q be k(1). Let p be (1 + 0)/(q/6). Determine w(p).
4
Let q(p) = -p**3 + 9*p**2 - 10*p. Let b(n) = 55*n + 2150. Let g be b(-39). What is q(g)?
50
Let z(s) = 16*s**2 + 5*s + 6. Let t be (1/21)/((-225)/270) + (-136)/70. Determine z(t).
60
Suppose 4*k - 4*q + 44 = 0, 3 = -4*k - 2*q - 11. Let t = -9 - k. Let z(a) be the second derivative of a**5/20 + a**4/4 - 3*a**2/2 + 727*a. What is z(t)?
-3
Let x(v) = -v - 8. Let h = 44 - 44. Suppose h = -q - 2*q - 12. Let g be -1 + (1*q)/4 + 2. What is x(g)?
-8
Let h(r) = -4*r - 315853 + 2*r**3 - 6*r**2 - 3*r**3 + 157934 + 157923. Suppose -15 = -u + 4*u. What is h(u)?
-1
Let q(z) = -892 + 894 - 103*z + 104*z - 9*z**2. What is q(-2)?
-36
Let w(g) = g**3 + 2*g**2 - 71*g + 11. Let x be w(7). Let c(q) = -q**2 - 48*q - 133. Calculate c(x).
2
Let i = 40980 - 40988. Let s(q) = 3*q**3 + 24*q**2 + 4*q - 3. Determine s(i).
-35
Let b be (132/(-55))/(6/(-15)). Let p(c) = -5*c**2 - c - 3. Let a(k) = -13*k**2 - 4*k - 8. Let q(f) = -3*a(f) + 8*p(f). Give q(b).
-12
Let i(s) be the third derivative of 0*s + 1/6*s**3 - 9 - 1/60*s**5 - s**2 - 13/24*s**4. Determine i(-13).
1
Let s(x) = 16*x**2 + 7*x - 50. Let g be s(5). Let a(r) = -g*r**2 + 188*r**2 - 1 + 195*r**2 - 2*r. What is a(3)?
-25
Let k(w) be the first derivative of w**4/4 - 5*w**3/3 + w**2 + 2. Let y be ((-3)/5)/(((-20)/(-100))/(-1)). Calculate k(y).
-12
Let k(x) = -x**3 + 8*x**2 + 7*x + 1. Let i(q) = 1 + 2 - 4571*q + 32*q**2 - 4*q**3 + 4598*q. Let r(s) = 2*i(s) - 9*k(s). What is r(9)?
-3
Let f(z) be the first derivative of z**7/840 + z**6/72 + z**5/60 + 5*z**4/24 - 245*z**3/3 + 161. Let x(k) be the third derivative of f(k). Give x(-4).
13
Let d(t) = t**3 + 9*t**2 + 17*t + 67. Let j be d(-8). Let q(o) = -2 - 55*o**2 - 3 + 54*o**2 - o. What is q(j)?
-25
Let g(l) = -48*l**2 - 47*l**2 + 143*l**2 - 4 - 2*l -